{"id":2318,"date":"2021-12-22T11:08:27","date_gmt":"2021-12-22T14:08:27","guid":{"rendered":"http:\/\/comunicacion.unsa.edu.ar\/?page_id=2318"},"modified":"2021-12-22T11:53:06","modified_gmt":"2021-12-22T14:53:06","slug":"findecar","status":"publish","type":"page","link":"https:\/\/comunicacion.unsa.edu.ar\/index.php\/findecar\/","title":{"rendered":"FINDECAR"},"content":{"rendered":"\n<p>Proyecto FINDECAR 2021-2022 de finalizaci\u00f3n de las carreras de Antropolog\u00eda, Letras, Filosof\u00eda, Historia, Ciencias de la Comunicaci\u00f3n y Ciencias de la Educaci\u00f3n de la Facultad de Humanidades de la Universidad Nacional de Salta.<\/p>\n\n\n\n<div style=\"height:30px\" aria-hidden=\"true\" class=\"wp-block-spacer\"><\/div>\n\n\n<style id=\"sp_tab_dynamic_style2324\">#sp-tabpro-wrapper_2324.sp-tab__lay-default .sp-tab__tab-content {width: 100%;}#sp-tabpro-wrapper_2324 .animated {-webkit-animation-duration: 500ms;animation-duration: 500ms;}#sp-wp-tabs-wrapper_2324 .sp-tab__nav {justify-content: start;}@media only screen and (max-width: 480px) {#sp-wp-tabs-wrapper_2324.sp-tab__lay-default .sp-tab__card span,#sp-wp-tabs-wrapper_2324.sp-tab__lay-default a.sp-tab__link{position: relative;}#sp-wp-tabs-wrapper_2324.sp-tab__lay-default .sp-tab__card .sp-tab__nav-link .sp-tab__card-header{padding-right: 40px; }#sp-wp-tabs-wrapper_2324.sp-tab__lay-default .sp-tab__card span[data-sptoggle]:after,#sp-wp-tabs-wrapper_2324.sp-tab__lay-default a.sp-tab__link:after,#sp-wp-tabs-wrapper_2324.sp-tab__lay-default .sp-tab__card span[aria-expanded=\"false\"]:after {font-family: \"FontAwesome\";content: \"\\002B\";color: #1a1515;font-weight: bold;float: right;position: absolute;right: 15px;font-size: 25px;bottom: auto;top: 50%;transform: translateY(-50%);}#sp-wp-tabs-wrapper_2324.sp-tab__lay-default .sp-tab__card span[aria-expanded=\"true\"]:after {content: \"\\2212\";}}#sp-wp-tabs-wrapper_2324.sp-tab__lay-default.sp-tab__horizontal-bottom {display: flex;flex-direction: column-reverse;}#sp-wp-tabs-wrapper_2324.sp-tab__lay-default.sp-tab__horizontal-bottom > ul {border-top: 1px solid #cccccc;border-bottom: 0;margin-top: 0;}#sp-wp-tabs-wrapper_2324.sp-tab__lay-default.sp-tab__horizontal-bottom > ul > li .sp-tab__nav-link.sp-tab__active {border-color: transparent #cccccc#cccccc;margin-top: -1px;}#sp-wp-tabs-wrapper_2324.sp-tab__lay-default.sp-tab__horizontal-bottom > ul > li .sp-tab__nav-link,#sp-wp-tabs-wrapper_2324.sp-tab__lay-default.sp-tab__horizontal-bottom > ul > li a,#sp-wp-tabs-wrapper_2324.sp-tab__lay-default.sp-tab__horizontal-bottom > ul > .sp-tab__nav-item {border-top: 0;border-top-left-radius: 0;border-top-right-radius: 0;border-bottom-left-radius: 2px;border-bottom-right-radius: 2px;}#sp-wp-tabs-wrapper_2324.sp-tab__lay-default.sp-tab__horizontal-bottom > ul {border-bottom: none;}#sp-wp-tabs-wrapper_2324.sp-tab__lay-default.sp-tab__horizontal-bottom .sp-tab__tab-content .sp-tab__tab-pane {border-top: 1px solid #cccccc;border-bottom: 0;}#sp-wp-tabs-wrapper_2324.sp-tab__lay-default .sp-tab__tab-content .sp-tab-content > ul,#sp-wp-tabs-wrapper_2324.sp-tab__lay-default .sp-tab__tab-content .sp-tab-content > ol {border-bottom: none;}#sp-wp-tabs-wrapper_2324 > .sp-tab__nav-tabs .sp-tab__nav-link.sp-tab__active .sp-tab__tab_title,#sp-wp-tabs-wrapper_2324.sp-tab__lay-default .sp-tab__nav-link > .sp-tab__card-header {color: #444;}#sp-wp-tabs-wrapper_2324 > .sp-tab__nav-tabs > .sp-tab__nav-item.show .sp-tab__nav-link,#sp-wp-tabs-wrapper_2324 > .sp-tab__nav-tabs > .sp-tab__nav-item .sp-tab__nav-link.sp-tab__active,#sp-wp-tabs-wrapper_2324.sp-tab__lay-default .sp-tab__nav-link > .sp-tab__card-header {background-color: #fff;}#sp-wp-tabs-wrapper_2324 .sp-tab__nav-tabs .sp-tab__nav-item.show .sp-tab__nav-link,#sp-wp-tabs-wrapper_2324.sp-tab__lay-default ul li .sp-tab__nav-link.sp-tab__active {border-color: #cccccc#cccccc transparent;}#sp-wp-tabs-wrapper_2324.sp-tab__lay-default > ul > li > .sp-tab__nav-link,#sp-wp-tabs-wrapper_2324.sp-tab__lay-default > ul > li > a {cursor: pointer;border-color: #cccccc;padding-top: 15px;padding-right: 15px;padding-bottom: 15px;padding-left: 15px;}#sp-wp-tabs-wrapper_2324 > .sp-tab__nav-tabs .sp-tab__nav-link {border: 1px solid #cccccc;height: 100%;}#sp-wp-tabs-wrapper_2324.sp-tab__lay-default > ul > li .sp-tab__nav-link,#sp-wp-tabs-wrapper_2324.sp-tab__lay-default > ul > li a,#sp-wp-tabs-wrapper_2324.sp-tab__lay-default > ul > .sp-tab__nav-item {border-top-left-radius: 2px;border-top-right-radius: 2px;}#sp-wp-tabs-wrapper_2324 .sp-tab__nav-tabs .sp-tab__nav-item {margin-bottom: -1px; }#sp-wp-tabs-wrapper_2324.sp-tab__lay-default > ul .sp-tab__nav-item,#sp-wp-tabs-wrapper_2324.sp-tab__lay-default .sp-tab__nav-link.collapsed > .sp-tab__card-header {background-color: #eee;}#sp-wp-tabs-wrapper_2324.sp-tab__lay-default > ul .sp-tab__nav-item {margin-right: 10px;margin-top: 5px;}#sp-wp-tabs-wrapper_2324.sp-tab__lay-default > ul .sp-tab__nav-item .sp-tab__nav-link:hover .sp-tab__tab_title,#sp-wp-tabs-wrapper_2324.sp-tab__lay-default > ul .sp-tab__nav-item a:hover .sp-tab__tab_title,#sp-wp-tabs-wrapper_2324.sp-tab__lay-default .sp-tab__nav-link.collapsed .sp-tab__card-header:hover {color: #444;transition: .3s;}#sp-wp-tabs-wrapper_2324.sp-tab__lay-default > ul .sp-tab__nav-item:hover,#sp-wp-tabs-wrapper_2324.sp-tab__lay-default .sp-tab__nav-link.collapsed > .sp-tab__card-header:hover {background-color: #fff;}#sp-wp-tabs-wrapper_2324.sp-tab__lay-default > ul .sp-tab__nav-item:last-child {margin-right: 0;}#sp-wp-tabs-wrapper_2324.sp-tab__lay-default > .sp-tab__tab-content .sp-tab__tab-pane {border: 1px solid #cccccc;padding-top: 20px;padding-right: 20px;padding-bottom: 20px;padding-left: 20px;border-top: 0px;background-color: #ffffff;}#sp-wp-tabs-wrapper_2324.sp-tab__lay-default > ul {border-bottom: 1px solid #cccccc;}.sp-tab__default-accordion > .sp-tab__nav-tabs {display: none;}.sp-tab__default-accordion .sp-tab__card {border-radius: 0;}.sp-tab__default-accordion .sp-tab__card-header {cursor: pointer;}@media(min-width:480px) {#sp-wp-tabs-wrapper_2324.sp-tab__default-accordion .sp-tab__nav-tabs {display: flex;}#sp-wp-tabs-wrapper_2324 .sp-tab__card {border: none;}#sp-wp-tabs-wrapper_2324 .sp-tab__card .sp-tab__card-header {display: none;}#sp-wp-tabs-wrapper_2324 .sp-tab__card .sp-tab__collapse {display: block;}}@media(max-width:480px) {#sp-wp-tabs-wrapper_2324.sp-tab__lay-default.sp-tab__default-accordion > .sp-tab__tab-content > .sp-tab__tab-pane {border: 0;padding: 0;margin-bottom: 5px;}.sp-tab__collapse:not(.sp-tab__show) {display: none;}#sp-wp-tabs-wrapper_2324.sp-tab__lay-default.sp-tab__default-accordion > .sp-tab__tab-content > .sp-tab__tab-pane {display: block;opacity: 1;}.sp-tab__default-accordion .sp-tab__tab-content .sp-tab__tab-pane {border: none;padding: 0;}.sp-tab__default-accordion .sp-tab__card-header {border: 1px solid #ccc;}.sp-tab__default-accordion .sp-tab__card-body {border: 1px solid #ccc;border-top: none;-ms-flex: 1 1 auto;flex: 1 1 auto;padding: 1.25rem;}}#poststuff h2.sp-tab__section_title_2324, h2.sp-tab__section_title_2324 ,.editor-styles-wrapper .wp-block h2.sp-tab__section_title_2324{margin-bottom: 30px !important;font-weight: 600;font-style: normal;font-size: 28px;line-height: 28px;letter-spacing: 0px;padding: 0;color: #444444;}#sp-wp-tabs-wrapper_2324.sp-tab__lay-default > ul .sp-tab__nav-item .sp-tab__tab_title,#sp-wp-tabs-wrapper_2324.sp-tab__lay-default span > .sp-tab__card-header {font-weight: 600;font-style: normal;font-size: 16px;line-height: 22px;letter-spacing: 0px;color: #444;margin: 0px;}#sp-wp-tabs-wrapper_2324.sp-tab__lay-default > .sp-tab__tab-content .sp-tab__tab-pane {font-weight: 400;font-style: normal;font-size: 16px;line-height: 24px;letter-spacing: 0px;color: #444;}#sp-wp-tabs-wrapper_2324.sp-tab__lay-default > .sp-tab__tab-content .sp-tab__tab-pane ul li a, #sp-wp-tabs-wrapper_2324.sp-tab__lay-default .sp-tab__tab-content .sp-tab__tab-pane ol li a {color: #444;}<\/style>\t<h2 class=\"sp-tab__section_title_2324\"> <\/h2>\n\t\t\t<div id=\"sp-wp-tabs-wrapper_2324\" class=\"sp-tab__lay-default sp-tab__default-accordion\" data-preloader=\"0\" data-activemode=\"tabs-activator-event-hover\">\n\t\t<ul class=\"sp-tab__nav sp-tab__nav-tabs\" id=\"sp-tab__ul\" role=\"tablist\">\n\t\t\t\t<li class=\"sp-tab__nav-item\" role=\"tab\">\n\t\t\t\t<span class=\"sp-tab__nav-link sp-tab__active\" data-sptoggle=\"tab\" for=\"#tab-23241\" role=\"tab\" >\n\t\t\t\t\t<span class=\"tab_title_area\"><H4 class=\"sp-tab__tab_title\">FINDECAR 2021-2022<\/H4><\/span>\n\t\t<\/span>\n\t\t\t<\/li>\n\t\t\t\t\t\t<li class=\"sp-tab__nav-item\" role=\"tab\">\n\t\t\t\t<span class=\"sp-tab__nav-link\" data-sptoggle=\"tab\" for=\"#tab-23242\" role=\"tab\" >\n\t\t\t\t\t<span class=\"tab_title_area\"><H4 class=\"sp-tab__tab_title\">EQUIPO<\/H4><\/span>\n\t\t<\/span>\n\t\t\t<\/li>\n\t\t\t\t\t\t<li class=\"sp-tab__nav-item\" role=\"tab\">\n\t\t\t\t<span class=\"sp-tab__nav-link\" data-sptoggle=\"tab\" for=\"#tab-23243\" role=\"tab\" >\n\t\t\t\t\t<span class=\"tab_title_area\"><H4 class=\"sp-tab__tab_title\">CONTACTOS<\/H4><\/span>\n\t\t<\/span>\n\t\t\t<\/li>\n\t\t\t\t\t\t<li class=\"sp-tab__nav-item\" role=\"tab\">\n\t\t\t\t<span class=\"sp-tab__nav-link\" data-sptoggle=\"tab\" for=\"#tab-23244\" role=\"tab\" >\n\t\t\t\t\t<span class=\"tab_title_area\"><H4 class=\"sp-tab__tab_title\">INFORMES<\/H4><\/span>\n\t\t<\/span>\n\t\t\t<\/li>\n\t\t\t<\/ul>\n<div class=\"sp-tab__tab-content\">\n\t\t\t\t<div id=\"tab-23241\" class=\"sp-tab__card sp-tab__tab-pane sp-tab__show sp-tab__active\" role=\"tabpanel\" aria-labelledby=\"aria-tab-23241\">\n\t\t\t\t\t<span class=\"\" data-sptoggle=\"collapse\" for=\"#collapse-23241\" aria-expanded=\"true\" aria-controls=\"collapse-23241\">\n\t\t\t\t\t\t<div class=\"sp-tab__card-header\" role=\"sptab\" id=\"heading-23241\">FINDECAR 2021-2022<\/div>\n\t\t\t\t\t<\/span>\n\n\t\t\t\t\t<div id=\"collapse-23241\" class=\"sp-tab__collapse sp-tab__show\" data-parent=\"#content\" role=\"tabpanel\" aria-labelledby=\"heading-23241\">\n\t\t\t\t\t\t<div class=\"sp-tab__card-body\">\n\t\t\t\t\t\t\t<div class=\"sp-tab-content animated fadeIn\"><p>Res. H. N\u00ba 0628\/21 Proyecto FINDECAR<\/p>\n<div class='w3eden'><!-- WPDM Link Template: Default Template -->\n\n<div class=\"link-template-default card mb-2\">\n    <div class=\"card-body\">\n        <div class=\"media\">\n            <div class=\"mr-3 img-48\"><img decoding=\"async\" class=\"wpdm_icon\" alt=\"Icon\"   src=\"http:\/\/comunicacion.unsa.edu.ar\/wp-content\/plugins\/download-manager\/assets\/file-type-icons\/arrow_down.png\" \/><\/div>\n            <div class=\"media-body\">\n                <h3 class=\"package-title\"><a href='https:\/\/comunicacion.unsa.edu.ar\/index.php\/download\/findecar-ciencias-de-la-comunicacion\/'>Proyecto FINDECAR - Res. H. N\u00ba 0628\/21<\/a><\/h3>\n                <div class=\"text-muted text-small\"><i class=\"fas fa-copy\"><\/i> 1 file(s) <i class=\"fas fa-hdd ml-3\"><\/i> 1.62 MB<\/div>\n            <\/div>\n            <div class=\"ml-3\">\n                <a class='wpdm-download-link download-on-click btn btn-primary btn-sm' rel='nofollow' href='#' data-downloadurl=\"https:\/\/comunicacion.unsa.edu.ar\/index.php\/download\/findecar-ciencias-de-la-comunicacion\/?wpdmdl=2321&refresh=69d48fda6da691775538138\">Download<\/a>\n            <\/div>\n        <\/div>\n    <\/div>\n<\/div>\n\n<\/div>\n<\/div>\n\t\t\t\t\t\t<\/div>\n\t\t\t\t\t<\/div>\n\t\t\t\t<\/div>\n\t\t\t\t\t\t\t\t<div id=\"tab-23242\" class=\"sp-tab__card sp-tab__tab-pane \" role=\"tabpanel\" aria-labelledby=\"aria-tab-23242\">\n\t\t\t\t\t<span class=\"collapsed\" data-sptoggle=\"collapse\" for=\"#collapse-23242\" aria-expanded=\"false\" aria-controls=\"collapse-23242\">\n\t\t\t\t\t\t<div class=\"sp-tab__card-header\" role=\"sptab\" id=\"heading-23242\">EQUIPO<\/div>\n\t\t\t\t\t<\/span>\n\n\t\t\t\t\t<div id=\"collapse-23242\" class=\"sp-tab__collapse \" data-parent=\"#content\" role=\"tabpanel\" aria-labelledby=\"heading-23242\">\n\t\t\t\t\t\t<div class=\"sp-tab__card-body\">\n\t\t\t\t\t\t\t<div class=\"sp-tab-content animated fadeIn\"><ul>\n<li>Lic. Franco Hessling Herrera<\/li>\n<li>Lic. Pablo Agust\u00edn Duran<\/li>\n<li>Dr. Facundo David Gonz\u00e1lez<\/li>\n<\/ul>\n<\/div>\n\t\t\t\t\t\t<\/div>\n\t\t\t\t\t<\/div>\n\t\t\t\t<\/div>\n\t\t\t\t\t\t\t\t<div id=\"tab-23243\" class=\"sp-tab__card sp-tab__tab-pane \" role=\"tabpanel\" aria-labelledby=\"aria-tab-23243\">\n\t\t\t\t\t<span class=\"collapsed\" data-sptoggle=\"collapse\" for=\"#collapse-23243\" aria-expanded=\"false\" aria-controls=\"collapse-23243\">\n\t\t\t\t\t\t<div class=\"sp-tab__card-header\" role=\"sptab\" id=\"heading-23243\">CONTACTOS<\/div>\n\t\t\t\t\t<\/span>\n\n\t\t\t\t\t<div id=\"collapse-23243\" class=\"sp-tab__collapse \" data-parent=\"#content\" role=\"tabpanel\" aria-labelledby=\"heading-23243\">\n\t\t\t\t\t\t<div class=\"sp-tab__card-body\">\n\t\t\t\t\t\t\t<div class=\"sp-tab-content animated fadeIn\"><p>Correo electr\u00f3nico<\/p>\n<p>findecar@hum.unsa.edu.ar<br \/>\ngonzalezfacundo@hum.unsa.edu.ar<\/p>\n<\/div>\n\t\t\t\t\t\t<\/div>\n\t\t\t\t\t<\/div>\n\t\t\t\t<\/div>\n\t\t\t\t\t\t\t\t<div id=\"tab-23244\" class=\"sp-tab__card sp-tab__tab-pane \" role=\"tabpanel\" aria-labelledby=\"aria-tab-23244\">\n\t\t\t\t\t<span class=\"collapsed\" data-sptoggle=\"collapse\" for=\"#collapse-23244\" aria-expanded=\"false\" aria-controls=\"collapse-23244\">\n\t\t\t\t\t\t<div class=\"sp-tab__card-header\" role=\"sptab\" id=\"heading-23244\">INFORMES<\/div>\n\t\t\t\t\t<\/span>\n\n\t\t\t\t\t<div id=\"collapse-23244\" class=\"sp-tab__collapse \" data-parent=\"#content\" role=\"tabpanel\" aria-labelledby=\"heading-23244\">\n\t\t\t\t\t\t<div class=\"sp-tab__card-body\">\n\t\t\t\t\t\t\t<div class=\"sp-tab-content animated fadeIn\"><div class='w3eden'><!-- WPDM Link Template: Default Template -->\n\n<div class=\"link-template-default card mb-2\">\n    <div class=\"card-body\">\n        <div class=\"media\">\n            <div class=\"mr-3 img-48\"><img decoding=\"async\" class=\"wpdm_icon\" alt=\"Icon\"   src=\"http:\/\/comunicacion.unsa.edu.ar\/wp-content\/plugins\/download-manager\/assets\/file-type-icons\/arrow_down.png\" \/><\/div>\n            <div class=\"media-body\">\n                <h3 class=\"package-title\"><a href='https:\/\/comunicacion.unsa.edu.ar\/index.php\/download\/informe-findecar-ciencias-de-la-comunicacion\/'>Informe FINDECAR - Ciencias de la Comunicaci\u00f3n<\/a><\/h3>\n                <div class=\"text-muted text-small\"><i class=\"fas fa-copy\"><\/i> 1 file(s) <i class=\"fas fa-hdd ml-3\"><\/i> 975.99 KB<\/div>\n            <\/div>\n            <div class=\"ml-3\">\n                <a class='wpdm-download-link download-on-click btn btn-primary btn-sm' rel='nofollow' href='#' data-downloadurl=\"https:\/\/comunicacion.unsa.edu.ar\/index.php\/download\/informe-findecar-ciencias-de-la-comunicacion\/?wpdmdl=2325&refresh=69d48fda71f2a1775538138\">Download<\/a>\n            <\/div>\n        <\/div>\n    <\/div>\n<\/div>\n\n<\/div>\n<\/div>\n\t\t\t\t\t\t<\/div>\n\t\t\t\t\t<\/div>\n\t\t\t\t<\/div>\n\t\t\t\t<\/div>\n\t\t<\/div>\n\t\t\n","protected":false},"excerpt":{"rendered":"<p>Proyecto FINDECAR 2021-2022 de finalizaci\u00f3n de las carreras de Antropolog\u00eda, Letras, Filosof\u00eda, Historia, Ciencias de la Comunicaci\u00f3n y Ciencias de la Educaci\u00f3n de la Facultad de Humanidades de la Universidad &#8230; <a title=\"FINDECAR\" class=\"read-more\" href=\"https:\/\/comunicacion.unsa.edu.ar\/index.php\/findecar\/\">Read more<span class=\"screen-reader-text\">FINDECAR<\/span><\/a><\/p>\n","protected":false},"author":1,"featured_media":0,"parent":0,"menu_order":0,"comment_status":"closed","ping_status":"closed","template":"","meta":{"footnotes":""},"class_list":["post-2318","page","type-page","status-publish"],"_links":{"self":[{"href":"https:\/\/comunicacion.unsa.edu.ar\/index.php\/wp-json\/wp\/v2\/pages\/2318","targetHints":{"allow":["GET"]}}],"collection":[{"href":"https:\/\/comunicacion.unsa.edu.ar\/index.php\/wp-json\/wp\/v2\/pages"}],"about":[{"href":"https:\/\/comunicacion.unsa.edu.ar\/index.php\/wp-json\/wp\/v2\/types\/page"}],"author":[{"embeddable":true,"href":"https:\/\/comunicacion.unsa.edu.ar\/index.php\/wp-json\/wp\/v2\/users\/1"}],"replies":[{"embeddable":true,"href":"https:\/\/comunicacion.unsa.edu.ar\/index.php\/wp-json\/wp\/v2\/comments?post=2318"}],"version-history":[{"count":4,"href":"https:\/\/comunicacion.unsa.edu.ar\/index.php\/wp-json\/wp\/v2\/pages\/2318\/revisions"}],"predecessor-version":[{"id":2329,"href":"https:\/\/comunicacion.unsa.edu.ar\/index.php\/wp-json\/wp\/v2\/pages\/2318\/revisions\/2329"}],"wp:attachment":[{"href":"https:\/\/comunicacion.unsa.edu.ar\/index.php\/wp-json\/wp\/v2\/media?parent=2318"}],"curies":[{"name":"wp","href":"https:\/\/api.w.org\/{rel}","templated":true}]}}