{"id":378,"date":"2021-10-10T11:39:25","date_gmt":"2021-10-10T14:39:25","guid":{"rendered":"http:\/\/comunicacion.unsa.edu.ar\/?page_id=378"},"modified":"2021-12-15T14:43:19","modified_gmt":"2021-12-15T17:43:19","slug":"sapi","status":"publish","type":"page","link":"https:\/\/comunicacion.unsa.edu.ar\/index.php\/sapi\/","title":{"rendered":"SAPI"},"content":{"rendered":"\n<p>SERVICIO DE APOYO PERMANENTE AL INGRESANTE DE LA CARRERA DE CIENCIAS DE LA COMUNICACI\u00d3N.<\/p>\n\n\n<style id=\"sp_tab_dynamic_style2113\">#sp-tabpro-wrapper_2113.sp-tab__lay-default .sp-tab__tab-content {width: 100%;}#sp-tabpro-wrapper_2113 .animated {-webkit-animation-duration: 500ms;animation-duration: 500ms;}#sp-wp-tabs-wrapper_2113 .sp-tab__nav {justify-content: start;}@media only screen and (max-width: 480px) {#sp-wp-tabs-wrapper_2113.sp-tab__lay-default .sp-tab__card span,#sp-wp-tabs-wrapper_2113.sp-tab__lay-default a.sp-tab__link{position: relative;}#sp-wp-tabs-wrapper_2113.sp-tab__lay-default .sp-tab__card .sp-tab__nav-link .sp-tab__card-header{padding-right: 40px; }#sp-wp-tabs-wrapper_2113.sp-tab__lay-default .sp-tab__card span[data-sptoggle]:after,#sp-wp-tabs-wrapper_2113.sp-tab__lay-default a.sp-tab__link:after,#sp-wp-tabs-wrapper_2113.sp-tab__lay-default .sp-tab__card span[aria-expanded=\"false\"]:after {font-family: \"FontAwesome\";content: \"\\002B\";color: #1a1515;font-weight: bold;float: right;position: absolute;right: 15px;font-size: 25px;bottom: auto;top: 50%;transform: translateY(-50%);}#sp-wp-tabs-wrapper_2113.sp-tab__lay-default .sp-tab__card span[aria-expanded=\"true\"]:after {content: \"\\2212\";}}#sp-wp-tabs-wrapper_2113.sp-tab__lay-default.sp-tab__horizontal-bottom {display: flex;flex-direction: column-reverse;}#sp-wp-tabs-wrapper_2113.sp-tab__lay-default.sp-tab__horizontal-bottom > ul {border-top: 1px solid #cccccc;border-bottom: 0;margin-top: 0;}#sp-wp-tabs-wrapper_2113.sp-tab__lay-default.sp-tab__horizontal-bottom > ul > li .sp-tab__nav-link.sp-tab__active {border-color: transparent #cccccc#cccccc;margin-top: -1px;}#sp-wp-tabs-wrapper_2113.sp-tab__lay-default.sp-tab__horizontal-bottom > ul > li .sp-tab__nav-link,#sp-wp-tabs-wrapper_2113.sp-tab__lay-default.sp-tab__horizontal-bottom > ul > li a,#sp-wp-tabs-wrapper_2113.sp-tab__lay-default.sp-tab__horizontal-bottom > ul > .sp-tab__nav-item {border-top: 0;border-top-left-radius: 0;border-top-right-radius: 0;border-bottom-left-radius: 2px;border-bottom-right-radius: 2px;}#sp-wp-tabs-wrapper_2113.sp-tab__lay-default.sp-tab__horizontal-bottom > ul {border-bottom: none;}#sp-wp-tabs-wrapper_2113.sp-tab__lay-default.sp-tab__horizontal-bottom .sp-tab__tab-content .sp-tab__tab-pane {border-top: 1px solid #cccccc;border-bottom: 0;}#sp-wp-tabs-wrapper_2113.sp-tab__lay-default .sp-tab__tab-content .sp-tab-content > ul,#sp-wp-tabs-wrapper_2113.sp-tab__lay-default .sp-tab__tab-content .sp-tab-content > ol {border-bottom: none;}#sp-wp-tabs-wrapper_2113 > .sp-tab__nav-tabs .sp-tab__nav-link.sp-tab__active .sp-tab__tab_title,#sp-wp-tabs-wrapper_2113.sp-tab__lay-default .sp-tab__nav-link > .sp-tab__card-header {color: #444;}#sp-wp-tabs-wrapper_2113 > .sp-tab__nav-tabs > .sp-tab__nav-item.show .sp-tab__nav-link,#sp-wp-tabs-wrapper_2113 > .sp-tab__nav-tabs > .sp-tab__nav-item .sp-tab__nav-link.sp-tab__active,#sp-wp-tabs-wrapper_2113.sp-tab__lay-default .sp-tab__nav-link > .sp-tab__card-header {background-color: #fff;}#sp-wp-tabs-wrapper_2113 .sp-tab__nav-tabs .sp-tab__nav-item.show .sp-tab__nav-link,#sp-wp-tabs-wrapper_2113.sp-tab__lay-default ul li .sp-tab__nav-link.sp-tab__active {border-color: #cccccc#cccccc transparent;}#sp-wp-tabs-wrapper_2113.sp-tab__lay-default > ul > li > .sp-tab__nav-link,#sp-wp-tabs-wrapper_2113.sp-tab__lay-default > ul > li > a {cursor: pointer;border-color: #cccccc;padding-top: 15px;padding-right: 15px;padding-bottom: 15px;padding-left: 15px;}#sp-wp-tabs-wrapper_2113 > .sp-tab__nav-tabs .sp-tab__nav-link {border: 1px solid #cccccc;height: 100%;}#sp-wp-tabs-wrapper_2113.sp-tab__lay-default > ul > li .sp-tab__nav-link,#sp-wp-tabs-wrapper_2113.sp-tab__lay-default > ul > li a,#sp-wp-tabs-wrapper_2113.sp-tab__lay-default > ul > .sp-tab__nav-item {border-top-left-radius: 2px;border-top-right-radius: 2px;}#sp-wp-tabs-wrapper_2113 .sp-tab__nav-tabs .sp-tab__nav-item {margin-bottom: -1px; }#sp-wp-tabs-wrapper_2113.sp-tab__lay-default > ul .sp-tab__nav-item,#sp-wp-tabs-wrapper_2113.sp-tab__lay-default .sp-tab__nav-link.collapsed > .sp-tab__card-header {background-color: #eee;}#sp-wp-tabs-wrapper_2113.sp-tab__lay-default > ul .sp-tab__nav-item {margin-right: 10px;margin-top: 5px;}#sp-wp-tabs-wrapper_2113.sp-tab__lay-default > ul .sp-tab__nav-item .sp-tab__nav-link:hover .sp-tab__tab_title,#sp-wp-tabs-wrapper_2113.sp-tab__lay-default > ul .sp-tab__nav-item a:hover .sp-tab__tab_title,#sp-wp-tabs-wrapper_2113.sp-tab__lay-default .sp-tab__nav-link.collapsed .sp-tab__card-header:hover {color: #444;transition: .3s;}#sp-wp-tabs-wrapper_2113.sp-tab__lay-default > ul .sp-tab__nav-item:hover,#sp-wp-tabs-wrapper_2113.sp-tab__lay-default .sp-tab__nav-link.collapsed > .sp-tab__card-header:hover {background-color: #fff;}#sp-wp-tabs-wrapper_2113.sp-tab__lay-default > ul .sp-tab__nav-item:last-child {margin-right: 0;}#sp-wp-tabs-wrapper_2113.sp-tab__lay-default > .sp-tab__tab-content .sp-tab__tab-pane {border: 1px solid #cccccc;padding-top: 20px;padding-right: 20px;padding-bottom: 20px;padding-left: 20px;border-top: 0px;background-color: #ffffff;}#sp-wp-tabs-wrapper_2113.sp-tab__lay-default > ul {border-bottom: 1px solid #cccccc;}.sp-tab__default-accordion > .sp-tab__nav-tabs {display: none;}.sp-tab__default-accordion .sp-tab__card {border-radius: 0;}.sp-tab__default-accordion .sp-tab__card-header {cursor: pointer;}@media(min-width:480px) {#sp-wp-tabs-wrapper_2113.sp-tab__default-accordion .sp-tab__nav-tabs {display: flex;}#sp-wp-tabs-wrapper_2113 .sp-tab__card {border: none;}#sp-wp-tabs-wrapper_2113 .sp-tab__card .sp-tab__card-header {display: none;}#sp-wp-tabs-wrapper_2113 .sp-tab__card .sp-tab__collapse {display: block;}}@media(max-width:480px) {#sp-wp-tabs-wrapper_2113.sp-tab__lay-default.sp-tab__default-accordion > .sp-tab__tab-content > .sp-tab__tab-pane {border: 0;padding: 0;margin-bottom: 5px;}.sp-tab__collapse:not(.sp-tab__show) {display: none;}#sp-wp-tabs-wrapper_2113.sp-tab__lay-default.sp-tab__default-accordion > .sp-tab__tab-content > .sp-tab__tab-pane {display: block;opacity: 1;}.sp-tab__default-accordion .sp-tab__tab-content .sp-tab__tab-pane {border: none;padding: 0;}.sp-tab__default-accordion .sp-tab__card-header {border: 1px solid #ccc;}.sp-tab__default-accordion .sp-tab__card-body {border: 1px solid #ccc;border-top: none;-ms-flex: 1 1 auto;flex: 1 1 auto;padding: 1.25rem;}}#poststuff h2.sp-tab__section_title_2113, h2.sp-tab__section_title_2113 ,.editor-styles-wrapper .wp-block h2.sp-tab__section_title_2113{margin-bottom: 30px !important;font-weight: 600;font-style: normal;font-size: 28px;line-height: 28px;letter-spacing: 0px;padding: 0;color: #444444;}#sp-wp-tabs-wrapper_2113.sp-tab__lay-default > ul .sp-tab__nav-item .sp-tab__tab_title,#sp-wp-tabs-wrapper_2113.sp-tab__lay-default span > .sp-tab__card-header {font-weight: 600;font-style: normal;font-size: 16px;line-height: 22px;letter-spacing: 0px;color: #444;margin: 0px;}#sp-wp-tabs-wrapper_2113.sp-tab__lay-default > .sp-tab__tab-content .sp-tab__tab-pane {font-weight: 400;font-style: normal;font-size: 16px;line-height: 24px;letter-spacing: 0px;color: #444;}#sp-wp-tabs-wrapper_2113.sp-tab__lay-default > .sp-tab__tab-content .sp-tab__tab-pane ul li a, #sp-wp-tabs-wrapper_2113.sp-tab__lay-default .sp-tab__tab-content .sp-tab__tab-pane ol li a {color: #444;}<\/style>\t<h2 class=\"sp-tab__section_title_2113\"> <\/h2>\n\t\t\t<div id=\"sp-wp-tabs-wrapper_2113\" class=\"sp-tab__lay-default sp-tab__default-accordion\" data-preloader=\"0\" data-activemode=\"tabs-activator-event-hover\">\n\t\t<ul class=\"sp-tab__nav sp-tab__nav-tabs\" id=\"sp-tab__ul\" role=\"tablist\">\n\t\t\t\t<li class=\"sp-tab__nav-item\" role=\"tab\">\n\t\t\t\t<span class=\"sp-tab__nav-link sp-tab__active\" data-sptoggle=\"tab\" for=\"#tab-21131\" role=\"tab\" >\n\t\t\t\t\t<span class=\"tab_title_area\"><H4 class=\"sp-tab__tab_title\">EQUIPO<\/H4><\/span>\n\t\t<\/span>\n\t\t\t<\/li>\n\t\t\t\t\t\t<li class=\"sp-tab__nav-item\" role=\"tab\">\n\t\t\t\t<span class=\"sp-tab__nav-link\" data-sptoggle=\"tab\" for=\"#tab-21132\" role=\"tab\" >\n\t\t\t\t\t<span class=\"tab_title_area\"><H4 class=\"sp-tab__tab_title\">CONCURSOS<\/H4><\/span>\n\t\t<\/span>\n\t\t\t<\/li>\n\t\t\t\t\t\t<li class=\"sp-tab__nav-item\" role=\"tab\">\n\t\t\t\t<span class=\"sp-tab__nav-link\" data-sptoggle=\"tab\" for=\"#tab-21133\" role=\"tab\" >\n\t\t\t\t\t<span class=\"tab_title_area\"><H4 class=\"sp-tab__tab_title\">REDES<\/H4><\/span>\n\t\t<\/span>\n\t\t\t<\/li>\n\t\t\t<\/ul>\n<div class=\"sp-tab__tab-content\">\n\t\t\t\t<div id=\"tab-21131\" class=\"sp-tab__card sp-tab__tab-pane sp-tab__show sp-tab__active\" role=\"tabpanel\" aria-labelledby=\"aria-tab-21131\">\n\t\t\t\t\t<span class=\"\" data-sptoggle=\"collapse\" for=\"#collapse-21131\" aria-expanded=\"true\" aria-controls=\"collapse-21131\">\n\t\t\t\t\t\t<div class=\"sp-tab__card-header\" role=\"sptab\" id=\"heading-21131\">EQUIPO<\/div>\n\t\t\t\t\t<\/span>\n\n\t\t\t\t\t<div id=\"collapse-21131\" class=\"sp-tab__collapse sp-tab__show\" data-parent=\"#content\" role=\"tabpanel\" aria-labelledby=\"heading-21131\">\n\t\t\t\t\t\t<div class=\"sp-tab__card-body\">\n\t\t\t\t\t\t\t<div class=\"sp-tab-content animated fadeIn\"><p>Docente JTP a cargo SAPI<\/p>\n<ul>\n<li>Esp. Paula Mart\u00edn<\/li>\n<\/ul>\n<p>Docentes Adscriptas<\/p>\n<ul>\n<li>Lic. Nadia Carlos<\/li>\n<li>Lic. Mar\u00eda Silvia Morales<\/li>\n<\/ul>\n<p>Estudiante Adscripto<\/p>\n<ul>\n<li>Ivan Carvajal Perka<\/li>\n<\/ul>\n<\/div>\n\t\t\t\t\t\t<\/div>\n\t\t\t\t\t<\/div>\n\t\t\t\t<\/div>\n\t\t\t\t\t\t\t\t<div id=\"tab-21132\" class=\"sp-tab__card sp-tab__tab-pane \" role=\"tabpanel\" aria-labelledby=\"aria-tab-21132\">\n\t\t\t\t\t<span class=\"collapsed\" data-sptoggle=\"collapse\" for=\"#collapse-21132\" aria-expanded=\"false\" aria-controls=\"collapse-21132\">\n\t\t\t\t\t\t<div class=\"sp-tab__card-header\" role=\"sptab\" id=\"heading-21132\">CONCURSOS<\/div>\n\t\t\t\t\t<\/span>\n\n\t\t\t\t\t<div id=\"collapse-21132\" class=\"sp-tab__collapse \" data-parent=\"#content\" role=\"tabpanel\" aria-labelledby=\"heading-21132\">\n\t\t\t\t\t\t<div class=\"sp-tab__card-body\">\n\t\t\t\t\t\t\t<div class=\"sp-tab-content animated fadeIn\"><div dir=\"auto\">CIU 2022<\/div>\n<div dir=\"auto\">Inscripci\u00f3n para cubrir tres (3) cargos de AUXILIAR ESTUDIANTIL CIU Momento II, de la carrera de Ciencias de la Comunicaci\u00f3n para desempe\u00f1ar funciones en el Equipo Ampliado con retribuci\u00f3n equivalente a Beca de Formaci\u00f3n (Febrero y Marzo 2022)<\/div>\n<div dir=\"auto\"><a class=\"oajrlxb2 g5ia77u1 qu0x051f esr5mh6w e9989ue4 r7d6kgcz rq0escxv nhd2j8a9 nc684nl6 p7hjln8o kvgmc6g5 cxmmr5t8 oygrvhab hcukyx3x jb3vyjys rz4wbd8a qt6c0cv9 a8nywdso i1ao9s8h esuyzwwr f1sip0of lzcic4wl gpro0wi8 py34i1dx\" role=\"link\" href=\"http:\/\/bo.unsa.edu.ar\/dh\/R2021\/Res._1495_21.pdf?fbclid=IwAR2T4LauOKyGNiK6gdbO4zyuQ8iMWtuPVkocZ1JhjX8K7741eOZ2UDcHnmM\" target=\"_blank\" rel=\"nofollow noopener\">http:\/\/bo.unsa.edu.ar\/dh\/R2021\/Res._1495_21.pdf<\/a><\/div>\n<div dir=\"auto\">+info en docencia@hum.unsa.edu.ar<\/div>\n<\/div>\n\t\t\t\t\t\t<\/div>\n\t\t\t\t\t<\/div>\n\t\t\t\t<\/div>\n\t\t\t\t\t\t\t\t<div id=\"tab-21133\" class=\"sp-tab__card sp-tab__tab-pane \" role=\"tabpanel\" aria-labelledby=\"aria-tab-21133\">\n\t\t\t\t\t<span class=\"collapsed\" data-sptoggle=\"collapse\" for=\"#collapse-21133\" aria-expanded=\"false\" aria-controls=\"collapse-21133\">\n\t\t\t\t\t\t<div class=\"sp-tab__card-header\" role=\"sptab\" id=\"heading-21133\">REDES<\/div>\n\t\t\t\t\t<\/span>\n\n\t\t\t\t\t<div id=\"collapse-21133\" class=\"sp-tab__collapse \" data-parent=\"#content\" role=\"tabpanel\" aria-labelledby=\"heading-21133\">\n\t\t\t\t\t\t<div class=\"sp-tab__card-body\">\n\t\t\t\t\t\t\t<div class=\"sp-tab-content animated fadeIn\"><p>Facebook <a href=\"https:\/\/www.facebook.com\/SAPI-Comunicacion-UNSa-186875018699402\" class=\"su-button su-button-style-soft\" style=\"color:#FFFFFF;background-color:#2D89EF;border-color:#246ec0;border-radius:8px\" target=\"_blank\" rel=\"noopener noreferrer\"><span style=\"color:#FFFFFF;padding:0px 22px;font-size:17px;line-height:34px;border-color:#6cadf4;border-radius:8px;text-shadow:none\"> SAPI<\/span><\/a><\/p>\n<\/div>\n\t\t\t\t\t\t<\/div>\n\t\t\t\t\t<\/div>\n\t\t\t\t<\/div>\n\t\t\t\t<\/div>\n\t\t<\/div>\n\t\t\n","protected":false},"excerpt":{"rendered":"<p>SERVICIO DE APOYO PERMANENTE AL INGRESANTE DE LA CARRERA DE CIENCIAS DE LA COMUNICACI\u00d3N.<\/p>\n","protected":false},"author":1,"featured_media":0,"parent":0,"menu_order":0,"comment_status":"closed","ping_status":"closed","template":"","meta":{"footnotes":""},"class_list":["post-378","page","type-page","status-publish"],"_links":{"self":[{"href":"https:\/\/comunicacion.unsa.edu.ar\/index.php\/wp-json\/wp\/v2\/pages\/378","targetHints":{"allow":["GET"]}}],"collection":[{"href":"https:\/\/comunicacion.unsa.edu.ar\/index.php\/wp-json\/wp\/v2\/pages"}],"about":[{"href":"https:\/\/comunicacion.unsa.edu.ar\/index.php\/wp-json\/wp\/v2\/types\/page"}],"author":[{"embeddable":true,"href":"https:\/\/comunicacion.unsa.edu.ar\/index.php\/wp-json\/wp\/v2\/users\/1"}],"replies":[{"embeddable":true,"href":"https:\/\/comunicacion.unsa.edu.ar\/index.php\/wp-json\/wp\/v2\/comments?post=378"}],"version-history":[{"count":20,"href":"https:\/\/comunicacion.unsa.edu.ar\/index.php\/wp-json\/wp\/v2\/pages\/378\/revisions"}],"predecessor-version":[{"id":2116,"href":"https:\/\/comunicacion.unsa.edu.ar\/index.php\/wp-json\/wp\/v2\/pages\/378\/revisions\/2116"}],"wp:attachment":[{"href":"https:\/\/comunicacion.unsa.edu.ar\/index.php\/wp-json\/wp\/v2\/media?parent=378"}],"curies":[{"name":"wp","href":"https:\/\/api.w.org\/{rel}","templated":true}]}}